 thousands digit of 3374480?
3
What is the tens digit of 1213269?
6
What is the thousands digit of 2955535?
5
What is the hundreds digit of 8136052?
0
What is the tens digit of 6080563?
6
What is the hundreds digit of 264453?
4
What is the ten thousands digit of 891677?
9
What is the ten thousands digit of 17526366?
2
What is the millions digit of 7053601?
7
What is the units digit of 89648?
8
What is the ten thousands digit of 317711?
1
What is the units digit of 69335?
5
What is the units digit of 743835?
5
What is the thousands digit of 9273915?
3
What is the hundred thousands digit of 2998483?
9
What is the hundreds digit of 38953?
9
What is the ten thousands digit of 821102?
2
What is the millions digit of 10603825?
0
What is the units digit of 1515412?
2
What is the millions digit of 3682441?
3
What is the hundred thousands digit of 623468?
6
What is the hundreds digit of 6410445?
4
What is the ten thousands digit of 7502992?
0
What is the millions digit of 8395624?
8
What is the hundred thousands digit of 2145874?
1
What is the hundreds digit of 1499076?
0
What is the ten thousands digit of 2675766?
7
What is the hundred thousands digit of 11915346?
9
What is the thousands digit of 19175940?
5
What is the tens digit of 15246673?
7
What is the units digit of 1002062?
2
What is the tens digit of 12844596?
9
What is the units digit of 3239038?
8
What is the hundred thousands digit of 15046718?
0
What is the hundred thousands digit of 264790?
2
What is the tens digit of 2072487?
8
What is the ten thousands digit of 954802?
5
What is the millions digit of 1281516?
1
What is the hundreds digit of 215776?
7
What is the hundred thousands digit of 21474237?
4
What is the hundreds digit of 190803?
8
What is the ten thousands digit of 114734?
1
What is the ten thousands digit of 2986973?
8
What is the tens digit of 5842264?
6
What is the hundred thousands digit of 2025128?
0
What is the units digit of 414913?
3
What is the hundred thousands digit of 13171506?
1
What is the units digit of 21665089?
9
What is the millions digit of 1219204?
1
What is the ten millions digit of 18543645?
1
What is the units digit of 2048232?
2
What is the thousands digit of 290019?
0
What is the units digit of 1233431?
1
What is the units digit of 139914?
4
What is the units digit of 21141793?
3
What is the millions digit of 1069020?
1
What is the hundreds digit of 250882?
8
What is the hundred thousands digit of 2064412?
0
What is the tens digit of 3494546?
4
What is the tens digit of 74702?
0
What is the ten thousands digit of 15971304?
7
What is the hundreds digit of 749585?
5
What is the hundred thousands digit of 469001?
4
What is the units digit of 366810?
0
What is the ten thousands digit of 1990394?
9
What is the units digit of 730879?
9
What is the tens digit of 1251548?
4
What is the thousands digit of 547317?
7
What is the hundreds digit of 665019?
0
What is the ten thousands digit of 365414?
6
What is the thousands digit of 171921?
1
What is the hundred thousands digit of 21709448?
7
What is the ten thousands digit of 185782?
8
What is the hundreds digit of 636074?
0
What is the ten millions digit of 22495622?
2
What is the thousands digit of 195247?
5
What is the hundreds digit of 755791?
7
What is the hundreds digit of 1131525?
5
What is the units digit of 8034244?
4
What is the tens digit of 8627471?
7
What is the ten thousands digit of 1009175?
0
What is the thousands digit of 4614505?
4
What is the millions digit of 1144981?
1
What is the hundreds digit of 1120115?
1
What is the units digit of 924462?
2
What is the millions digit of 1441680?
1
What is the ten thousands digit of 146724?
4
What is the units digit of 1733445?
5
What is the hundred thousands digit of 805929?
8
What is the millions digit of 6699031?
6
What is the tens digit of 1810702?
0
What is the hundred thousands digit of 471572?
4
What is the thousands digit of 425072?
5
What is the hundred thousands digit of 15012928?
0
What is the millions digit of 1774757?
1
What is the thousands digit of 581135?
1
What is the thousands digit of 8340500?
0
What is the ten thousands digit of 1287726?
8
What is the ten thousands digit of 510363?
1
What is the units digit of 433155?
5
What is the ten thousands digit of 1649551?
4
What is the millions digit of 13010316?
3
What is the hundreds digit of 367604?
6
What is the ten thousands digit of 1136147?
3
What is the thousands digit of 9141615?
1
What is the hundreds digit of 36917?
9
What is the tens digit of 10005534?
3
What is the tens digit of 9667922?
2
What is the hundreds digit of 414348?
3
What is the ten thousands digit of 62163?
6
What is the tens digit of 5507198?
9
What is the ten thousands digit of 2879547?
7
What is the hundreds digit of 2961264?
2
What is the units digit of 974307?
7
What is the thousands digit of 224202?
4
What is the thousands digit of 7159459?
9
What is the tens digit of 772310?
1
What is the thousands digit of 641395?
1
What is the thousands digit of 22019?
2
What is the ten thousands digit of 938132?
3
What is the ten millions digit of 22139944?
2
What is the tens digit of 290904?
0
What is the tens digit of 7481289?
8
What is the hundreds digit of 317087?
0
What is the hundred thousands digit of 16790884?
7
What is the hundreds digit of 610150?
1
What is the thousands digit of 1605890?
5
What is the tens digit of 298295?
9
What is the hundreds digit of 993497?
4
What is the thousands digit of 4346463?
6
What is the thousands digit of 14781930?
1
What is the hundred thousands digit of 5702501?
7
What is the ten thousands digit of 195228?
9
What is the ten thousands digit of 1026777?
2
What is the hundreds digit of 144698?
6
What is the units digit of 9423793?
3
What is the hundreds digit of 412331?
3
What is the thousands digit of 83957?
3
What is the ten thousands digit of 577637?
7
What is the hundred thousands digit of 1811624?
8
What is the thousands digit of 5387285?
7
What is the units digit of 6349959?
9
What is the millions digit of 1454923?
1
What is the tens digit of 1455463?
6
What is the ten thousands digit of 1739520?
3
What is the thousands digit of 433159?
3
What is the hundreds digit of 5955966?
9
What is the hundred thousands digit of 121828?
1
What is the hundred thousands digit of 1974717?
9
What is the ten thousands digit of 816567?
1
What is the tens digit of 402722?
2
What is the units digit of 550365?
5
What is the hundred thousands digit of 2491972?
4
What is the units digit of 166680?
0
What is the hundreds digit of 17214200?
2
What is the hundred thousands digit of 3569462?
5
What is the hundreds digit of 833028?
0
What is the hundreds digit of 4753082?
0
What is the tens digit of 1517514?
1
What is the thousands digit of 34420?
4
What is the hundred thousands digit of 324516?
3
What is the units digit of 8538230?
0
What is the units digit of 723566?
6
What is the tens digit of 284334?
3
What is the thousands digit of 369384?
9
What is the hundred thousands digit of 7372581?
3
What is the units digit of 106911?
1
What is the ten thousands digit of 32622527?
2
What is the hundreds digit of 1242886?
8
What is the thousands digit of 10960435?
0
What is the millions digit of 12653545?
2
What is the tens digit of 10308222?
2
What is the thousands digit of 266476?
6
What is the tens digit of 9318224?
2
What is the units digit of 2868397?
7
What is the tens digit of 400618?
1
What is the units digit of 102631?
1
What is the ten thousands digit of 72836?
7
What is the units digit of 20989866?
6
What is the units digit of 2186464?
4
What is the units digit of 8159195?
5
What is the hundreds digit of 38264?
2
What is the tens digit of 579867?
6
What is the millions digit of 3752216?
3
What is the ten thousands digit of 14314616?
1
What is the ten thousands digit of 1225860?
2
What is the ten thousands digit of 36712?
3
What is the ten thousands digit of 53264?
5
What is the thousands digit of 20445259?
5
What is the tens digit of 27736?
3
What is the hundreds digit of 879448?
4
What is the hundreds digit of 344497?
4
What is the ten millions digit of 36118561?
3
What is the hundred thousands digit of 451600?
4
What is the thousands digit of 570820?
0
What is the hundred thousands digit of 198711